re the prime factors of 2482 + 3 - (-9 + -12)/7?
2, 311
Let q(c) = -657*c**3 - 9*c**2 - 11*c + 17. What are the prime factors of q(-2)?
3, 1753
Let b be -78*(-12)/(-36)*(-1)/2. Suppose a - 4*i - 1434 = 0, 11*a - b*a + 4*i = -2860. What are the prime factors of a?
2, 23, 31
Suppose o + 7*c - 16 = 4*c, 4*o - 24 = -2*c. Suppose 11*h - 3122 = o*h. What are the prime factors of h?
2, 223
Let c(u) = 130*u**2 - 59*u + 70. List the prime factors of c(8).
2, 37, 107
Let w be (-2)/(-3) + 35/(-3). Suppose 2582784 = -50*l - 78*l. What are the prime factors of l/(-99) + (-2)/w?
2, 3, 17
Suppose -639 = -11*a + 8*a. Suppose -2*c - 4*p - p = -145, 0 = -3*c - 3*p + a. Suppose -c + 286 = 3*l. List the prime factors of l.
2, 3
Let f(x) = x**3 + 13*x**2 - 26*x - 26. What are the prime factors of f(-13)?
2, 3, 13
Suppose 8*f - 3*f + 1365 = v, 2*f = -4*v + 5482. What are the prime factors of v?
2, 5, 137
Let p be ((-1)/(-2)*8 - -1) + 2. Let u(y) = 11*y**2 - 14*y + 32. List the prime factors of u(p).
11, 43
Let j(w) = 3*w**2 - 34*w + 356. What are the prime factors of j(15)?
521
Suppose -f + 1100 + 1488 = 0. What are the prime factors of f?
2, 647
List the prime factors of 0 + (0 - -3) - (4 + -10655).
2, 7, 761
Let i(g) = g**3 - 2*g**2 - 82*g + 201. List the prime factors of i(20).
7, 823
Let x(t) = -6 + 14*t + t**3 - 2 + 14*t**2 - 6. Let h be x(-13). Let g = h - -47. List the prime factors of g.
2, 5
Let t = -132 - -52. Let a be (-153 - -2) + (-1 - (-8)/8). Let r = t - a. List the prime factors of r.
71
Let s(z) = -z**2 + 10*z + 3. Let t be s(11). Let v(k) = k**3 + 7*k**2 - 10*k - 20. Let w be v(t). What are the prime factors of 287/3 + (-2)/(-12)*w?
5, 19
Let w = 617 - 614. Suppose -w*b + 1864 = -2186. What are the prime factors of b?
2, 3, 5
Suppose -4*r = h - 231356, -7 = -4*h - 23. What are the prime factors of r?
2, 3, 5, 241
Let y be 2*6*((-28)/12)/(-7). Suppose 0 = -3*h - 5*l - 4 - 9, y*h = -3*l - 10. List the prime factors of (268*h - -3)*4/(-10).
2, 53
Suppose -376*q = -377*q + 4. Suppose 0*f = 4*y + 5*f - 720, 0 = -2*y - q*f + 354. What are the prime factors of y?
5, 37
Suppose z + 4 = 2*z. Suppose z*k + 2*k - 750 = 0. Let f = k + -7. What are the prime factors of f?
2, 59
List the prime factors of (86525/2 + 4 + -11)*(-10)/(-15).
28837
Let k be 0 + 9/(4/4). Let h be (-1 - k/(-15))*-10. Suppose f - 2*x - 36 = 0, x = h*x + 15. List the prime factors of f.
2, 13
Let i = 32750 - -52505. What are the prime factors of i?
5, 17, 59
Let r(y) = -2*y - 17. Let x be r(-7). What are the prime factors of (-727)/x + 90/135?
3
Suppose 2*g - a = 0, -4*g + a + 7 = 3. Suppose -g*h - 2*h + 500 = 0. Let p = h - 69. What are the prime factors of p?
2, 7
Let k = 42 - 24. Suppose -16*o = -k*o + 4. Suppose 2*r = -o*r + 164. What are the prime factors of r?
41
List the prime factors of 34172/24 - (1 - 21/18).
2, 89
Suppose u - 20583 = 3*d, d = 7*d - 6. What are the prime factors of u?
2, 3, 47, 73
Let i = -2435 + 4298. List the prime factors of i.
3, 23
Suppose -2*m + 6 = -h, 0 = 4*h + 5*m - 4*m - 3. Suppose -u = -q - 5, h = -q + 4 - 2. Let s = 7 + u. List the prime factors of s.
2, 7
Let n(g) = 17232*g**2 + 470*g - 1. What are the prime factors of n(1)?
31, 571
Suppose h = 5*z - 72634, 2*h + 70 = 62. List the prime factors of z.
2, 3, 269
Let i = -17 + 17. Suppose i*r = 4*r - 240. Suppose 10*k - 8*k = r. List the prime factors of k.
2, 3, 5
Suppose 9 = 4*z - 11. Let t(i) = -i**3 + 6*i**2 - 8*i + 5. Let h be t(z). Let l(y) = y**3 + 11*y**2 + 10*y + 13. List the prime factors of l(h).
13
Let q(g) = -9*g + 40. Let n = 52 + -34. Let t be q(n). Let d = -12 - t. List the prime factors of d.
2, 5, 11
Suppose -36*z = -539642 - 109294. List the prime factors of z.
2, 9013
Suppose -f = -z - 4, 5*z - 3*f + 7 + 13 = 0. Let w be 170/z - 2/(-4). Let y = w + 229. What are the prime factors of y?
11, 17
Let u be ((-3)/2)/((-1)/38). Suppose -23*s + 27*s - x = 174, 0 = -x - 2. Suppose 2*l = s + u. List the prime factors of l.
2, 5
Suppose 4*f - 5*o - 121617 = 0, -143*f = -141*f - 4*o - 60798. What are the prime factors of f?
17, 1789
Let r = 3445 - 1760. What are the prime factors of r?
5, 337
Suppose -200 = m - 3*m. Suppose 0 = 4*c - 104 - m. Let n = 159 - c. What are the prime factors of n?
2, 3
Suppose b + 3297 = -2*y, 3*y - 4*b - 2198 = -7149. Let h = 2548 + y. List the prime factors of h.
29, 31
Let u = 14721 + 47905. What are the prime factors of u?
2, 173, 181
Suppose 5*k + 3*u - 2*u - 600 = 0, -2*u = 0. Let t = 647 - k. What are the prime factors of t?
17, 31
Let k = -8 + -5. Let u(g) = 561*g**2 - 18 + 45 + 14*g - 560*g**2. List the prime factors of u(k).
2, 7
Let s = -2338 - -10872. List the prime factors of s.
2, 17, 251
Let v be (2/(-4) + 0)*-4 - -527. Suppose 5*w - b - 780 - v = 0, 4*w - 1028 = -4*b. What are the prime factors of w?
3, 29
Let v be (-31080)/49 + (-6)/(-21) - -4. Let h = v - -1556. What are the prime factors of h?
2, 463
Suppose 5*r - 267 = -4*b, -5*b = 365*r - 368*r - 306. Let w = 520 + -292. Let i = w - b. What are the prime factors of i?
3, 5, 11
Let f(i) = -8*i - 11. Let p(y) = 23*y + 32. Let z(q) = -17*f(q) - 6*p(q). Let l be z(-6). Suppose v - 77 = -l. List the prime factors of v.
2, 5, 7
Let x(k) = -k**2 - 2*k + 54. Let l be x(8). Let u(f) = f**2 + 14*f + 13. What are the prime factors of u(l)?
5, 13
Let l(s) = s**3 - 12*s**2 - 13*s - 8. Let g be 280/21 - 2/6. Let q be l(g). Let x = 23 - q. List the prime factors of x.
31
Let u = 1319 - -595. Suppose 4*p + 5*x - 5412 = -1584, 2*p - 2*x - u = 0. What are the prime factors of p?
3, 11, 29
Let f(m) = 1040*m - 314. What are the prime factors of f(8)?
2, 4003
Let r(n) = -3*n**2 - 51*n + 28. Let q be r(-20). Let z = q - -352. What are the prime factors of z?
2, 5
Let y(m) = -m**2 - 4*m + 2. Let r be y(-4). Let t be (2 + -2)/(r + -1). Suppose t*w + 4*w - 412 = 0. List the prime factors of w.
103
Let u(n) = 105*n - 1001. What are the prime factors of u(51)?
2, 7, 311
Suppose -4*a = -5*b + 60408, 3*b + 612*a - 36249 = 615*a. What are the prime factors of b?
2, 3019
Suppose 156*b = 153*b - 54. Suppose 67 = 4*m - 29. Let f = m - b. List the prime factors of f.
2, 3, 7
Suppose 15*n - 298 - 182 = 0. Let k be 4/(-6) + 50/3. Let l = n - k. What are the prime factors of l?
2
Let i be 47169/(-72) - ((-7)/(-8) - 1). Let c = i + 877. List the prime factors of c.
2, 3, 37
Let t = -4094 - -4233. Let b be 2 + 1 - 1 - 4. Let d = b + t. List the prime factors of d.
137
Let h(w) = 3582*w**3 + 11*w - 9. What are the prime factors of h(1)?
2, 7
Let m = 24350 - 11269. List the prime factors of m.
103, 127
Let b(h) = 264*h**2 - 25*h + 63. What are the prime factors of b(2)?
1069
Suppose 4*s - 55684 = -4*c + 3*c, -2*c = -3*s + 41763. Suppose -9539 = -23*v + s. List the prime factors of v.
2, 3, 5, 17
Let d(f) = 296*f**2 - 8*f + 12. Let w = 397 + -395. List the prime factors of d(w).
2, 5, 59
Let k = -85 - 149. Let x = 476 + k. Suppose -3*w = -2*z - x, 4*w - 304 = -0*w - 2*z. List the prime factors of w.
2, 3, 13
Let h(m) = -37*m - 21. Let d be h(-7). Let r = d - -25. Suppose -8*k = 87 - r. List the prime factors of k.
2, 11
Let y = -298 - -125. Let n = y - -730. What are the prime factors of n?
557
Suppose -3*o - 6 = 24. Let w be (8*(-1)/3)/(o/885). Suppose 0 = -9*k + 1339 + w. What are the prime factors of k?
5, 7
Let h(j) = 8*j**2 + 19*j + 1. Let i be h(-3). Suppose i*l - 4602 = 5686. List the prime factors of l.
643
Let q = 7036 + -4165. List the prime factors of q.
3, 11, 29
Let y(w) = 245*w**2 - 96*w - 371. List the prime factors of y(-4).
3, 19, 23
Let j = 47308 + -32403. List the prime factors of j.
5, 11, 271
Let h be (-6)/60 + (-62)/20*-221. Suppose 103 = 2*d - h. What are the prime factors of d?
2, 197
Let o(n) = -n**3 + 7*n**2 + 19*n - 10. Let a be o(9). Let s(t) = -28*t - 3. Let b be s(a). Suppose 24*g + 143 = b*g. List the prime factors of g.
11, 13
Suppose -45556 = -4*v + 4*s, -6*s - 34163 = -3*v - 2*s. List the prime factors of v.
11393
Let p(l) = -8*l**2 + 0*l + 5*l**3 + 2*l**2 + 6*l - 4*l**3 - 7. Let o be p(5). What are the prime factors of ((-1)/(-1) + o)*-137?
137
Let u(r) = -15*r**2 - 6*r - 18. Suppose b + 7 - 3 = 0. Let g be u(b). List the prime factors of (32/6)/((-52)/g).
2, 3
What are the prime factors of 80478/5